{"id":116,"date":"2019-12-10T12:01:28","date_gmt":"2019-12-10T12:01:28","guid":{"rendered":"https:\/\/seltronic.ro\/medical\/?page_id=116"},"modified":"2020-02-25T10:53:17","modified_gmt":"2020-02-25T10:53:17","slug":"about-seltronic-medical","status":"publish","type":"page","link":"https:\/\/seltronic.ro\/medical\/about-seltronic-medical\/","title":{"rendered":"About Seltronic Medical"},"content":{"rendered":"<div id=\"themify_builder_content-116\" data-postid=\"116\" class=\"themify_builder_content themify_builder_content-116 themify_builder\">\n    \t<!-- module_row -->\n\t<div   class=\"themify_builder_row module_row clearfix fullcover fullwidth module_row_0 themify_builder_116_row module_row_116-0 tb_jun5244\">\n\t    <div class=\"builder_row_cover\"><\/div>\t    <div class=\"row_inner col_align_top\" >\n\t\t\t<div  class=\"module_column tb-column col-full first tb_116_column module_column_0 module_column_116-0-0 tb_a70k244\" >\n\t    \t    \t        <div class=\"tb-column-inner\">\n\t\t            <!-- module fancy heading -->\n    <div  class=\"module module-fancy-heading tb_omm3245  \">\n\t        <h1 class=\"fancy-heading \">\n        <span  class=\"main-head\">\n            Seltronic Medical Advertising        <\/span>\n        <span class=\"sub-head\">\n                    <\/span>\n\n        <\/h1>\n    <\/div>\n    <!-- \/module fancy heading -->\n<!-- module text -->\n<div  class=\"module module-text tb_m4y1245    \">\n            <div  class=\"tb_text_wrap\">\n    <p>Our long industry experience and our deep knowledge of medical healthcare markets make us your preferred partner when it comes to purchasing promotional products. Our services will support you throughout the entire purchasing process.<\/p>    <\/div>\n<\/div>\n<!-- \/module text -->\n    <!-- module buttons -->\n    <div  class=\"module module-buttons tb_py2l245 normal outline squared   tb-align-center\">\n\t        \t<div class=\"module-buttons\">\n                            <div class=\"module-buttons-item  buttons-horizontal\">\n\t\t    \t\t\t<a href=\"https:\/\/seltronic.ro\/advertising\" class=\"ui builder_button tb_default_color\" >\n\t\t    \t\t    \t\t\t<span>Find More<\/span>\n\t\t    \t\t    \t\t\t<\/a>\n\t\t                    <\/div>\n                    <\/div>\n    <\/div>\n    <!-- \/module buttons -->\n\t        <\/div>\n\t    \t<\/div>\n\t\t    <\/div>\n\t    <!-- \/row_inner -->\n\t<\/div>\n\t<!-- \/module_row -->\n\t\t<!-- module_row -->\n\t<div  class=\"themify_builder_row module_row clearfix module_row_1 themify_builder_116_row module_row_116-1 tb_on9n386\">\n\t    \t    <div class=\"row_inner col_align_top\" >\n\t\t\t<div  class=\"module_column tb-column col-full first tb_116_column module_column_0 module_column_116-1-0 tb_8j7m390\">\n\t    \t    \t        <div class=\"tb-column-inner\">\n\t\t            <!-- module fancy heading -->\n    <div  class=\"module module-fancy-heading tb_ihrr248  \">\n\t        <h1 class=\"fancy-heading tb-align-center\">\n        <span  class=\"main-head\">\n            Despre noi        <\/span>\n        <span class=\"sub-head\">\n                    <\/span>\n\n        <\/h1>\n    <\/div>\n    <!-- \/module fancy heading -->\n\t        <\/div>\n\t    \t<\/div>\n\t\t    <\/div>\n\t    <!-- \/row_inner -->\n\t<\/div>\n\t<!-- \/module_row -->\n\t\t<!-- module_row -->\n\t<div   class=\"themify_builder_row module_row clearfix module_row_2 themify_builder_116_row module_row_116-2 tb_nwv5267\">\n\t    \t    <div class=\"row_inner col_align_top\" >\n\t\t\t<div  class=\"module_column tb-column col-full first tb_116_column module_column_0 module_column_116-2-0 tb_p4pn268\">\n\t    \t    \t        <div class=\"tb-column-inner\">\n\t\t    \t<div  class=\"themify_builder_sub_row module_subrow clearfix sub_row_2-0-0 tb_fthj743\">\n\t    \t    <div class=\"subrow_inner col_align_middle\" >\n\t\t\t<div style=\"width:52.8%;\" class=\"sub_column module_column col2-1 first sub_column_post_116 sub_column_2-0-0-0 tb_m17s744\" > \n\t    \t    \t        <div class=\"tb-column-inner\">\n\t\t    <!-- module text -->\n<div  class=\"module module-text tb_vn0n775    \">\n            <div  class=\"tb_text_wrap\">\n    <p>Compania\u00a0<strong>SELTRONIC S.R.L.<\/strong>, infiintata cu mai bine de 25 de ani in urma, \u00a0activeaz\u0103 in domenii precum sanatatea sau comertul online, ca importator direct al diferitelor materiale sau solutii promotionale, fiind de asemenea integrator al unor servicii si proiecte diverse, realizate in domeniile prezentate dar si in altele adiacente!<\/p>\n<p>Ne adres\u0103m in mod prioritar companiilor cu profil medical \u0219i farmaceutic din Romania, venind \u00een special cu rezolv\u0103ri dedicate acestui segment, dar avem propuneri si solu\u021bii si pentru companii cu profil diferit de cele mentionate anterior.<\/p>\n<p><strong>Medical Solutions, right to the point!<\/strong><\/p>    <\/div>\n<\/div>\n<!-- \/module text -->\n\t        <\/div>\n\t    \t<\/div>\n\t\t<div style=\"width:44%;\" class=\"sub_column module_column col2-1 last sub_column_post_116 sub_column_2-0-0-1 tb_ugcs744\" > \n\t    \t    \t        <div class=\"tb-column-inner\">\n\t\t        <!-- module image -->\n    <div  class=\"module module-image tb_a6l5961  image-left  \">\n\t                <div class=\"image-wrap\">\n                            <img loading=\"lazy\" width=\"1262\" height=\"793\" src=\"https:\/\/seltronic.ro\/medical\/wp-content\/uploads\/2020\/02\/wiwe-bg-7.jpg\" class=\" wp-post-image wp-image-439\" alt=\"wiwe-bg-7\" srcset=\"https:\/\/seltronic.ro\/medical\/wp-content\/uploads\/2020\/02\/wiwe-bg-7.jpg 1262w, https:\/\/seltronic.ro\/medical\/wp-content\/uploads\/2020\/02\/wiwe-bg-7-300x189.jpg 300w, https:\/\/seltronic.ro\/medical\/wp-content\/uploads\/2020\/02\/wiwe-bg-7-1024x643.jpg 1024w, https:\/\/seltronic.ro\/medical\/wp-content\/uploads\/2020\/02\/wiwe-bg-7-768x483.jpg 768w\" sizes=\"(max-width: 1262px) 100vw, 1262px\" \/>            \n                        <\/div>\n            <!-- \/image-wrap -->\n        \n        \n        <\/div>\n    <!-- \/module image -->\n\t        <\/div>\n\t    \t<\/div>\n\t\t    <\/div>\n\t<\/div><!-- \/themify_builder_sub_row -->\n\t\t        <\/div>\n\t    \t<\/div>\n\t\t    <\/div>\n\t    <!-- \/row_inner -->\n\t<\/div>\n\t<!-- \/module_row -->\n\t\t<!-- module_row -->\n\t<div   class=\"themify_builder_row module_row clearfix repeat wow slideInRight fullwidth module_row_3 themify_builder_116_row module_row_116-3 tb_nif8886\">\n\t    \t    <div class=\"row_inner col_align_middle\" >\n\t\t\t<div  class=\"module_column tb-column col4-2 first tb_116_column module_column_0 module_column_116-3-0 tb_f4sh887\" style=\"width: 53%\" >\n\t    \t    \t        <div class=\"tb-column-inner\">\n\t\t    <!-- module text -->\n<div  class=\"module module-text tb_jek0818    \">\n            <div  class=\"tb_text_wrap\">\n    <p>Compania <strong>SELTRONIC<\/strong>\u00a0are o experien\u021b\u0103 de mai bine de 10 ani \u00een domeniul publicit\u0103\u021bii, respectiv publicitate<strong>\u00a0BTL<\/strong>\u00a0\u0219i\u00a0<strong>ATL,<\/strong> \u0219i este membru <strong>APIIP<\/strong>, organiza\u021bie na\u021bional\u0103 de profil ce cuprinde de asemenea producatori, importatori \u0219i distributori de obiecte promo\u021bionale din Romania. Apartenen\u021ba la aceste organiza\u021bii de profil ne asigura accesul foarte bun si rapid la intreaga baz\u0103 de furnizori at\u00e2t interni, c\u00e2t mai ales externi, colabor\u00e2nd pan\u0103 in prezent cu peste 150 de furnizori, cu mare parte dintre ei derul\u00e2nd deja leg\u0103turi comerciale sau parteneriale.<\/p>    <\/div>\n<\/div>\n<!-- \/module text -->\n\t        <\/div>\n\t    \t<\/div>\n\t\t<div  class=\"module_column tb-column col4-2 last tb_116_column module_column_1 module_column_116-3-1 tb_8cn0680\" style=\"width: 43.8%\" >\n\t    \t    \t        <div class=\"tb-column-inner\">\n\t\t    <!-- module text -->\n<div  class=\"module module-text tb_zv65721    \">\n            <div  class=\"tb_text_wrap\">\n    <p>Serviciile de crea\u021bie grafic\u0103 ale companiei noastre cuprind toate domeniile, dar ne axam in principal pe crea\u021bia grafic\u0103 pentru print (flyere, leaflet, volante, bro\u0219uri, mape de prezentare, cataloage etc.).\u00a0Deoarece calitatea este foarte important\u0103 pentru noi, pe lang\u0103 servicul de crea\u021bie grafica asigur\u0103m de asemenea preg\u0103tirea pentru tipar\/productie \u0219i urm\u0103rim lucrarile executate p\u00e2n\u0103 la finalizare. Pentru o calitate maxim\u0103 este de preferat ca produc\u021bia s\u0103 se faca cu produc\u0103torii recomanda\u021bi de c\u0103tre noi.<\/p>    <\/div>\n<\/div>\n<!-- \/module text -->\n\t        <\/div>\n\t    \t<\/div>\n\t\t    <\/div>\n\t    <!-- \/row_inner -->\n\t<\/div>\n\t<!-- \/module_row -->\n\t\t<!-- module_row -->\n\t<div   class=\"themify_builder_row module_row clearfix repeat module_row_4 themify_builder_116_row module_row_116-4 tb_n77p539\">\n\t    \t    <div class=\"row_inner col_align_top\" >\n\t\t\t<div  class=\"module_column tb-column col-full first tb_116_column module_column_0 module_column_116-4-0 tb_miv8539\" >\n\t    \t    \t        <div class=\"tb-column-inner\">\n\t\t            <!-- module fancy heading -->\n    <div  class=\"module module-fancy-heading tb_1423540  \">\n\t        <h1 class=\"fancy-heading tb-align-center\">\n        <span  class=\"main-head\">\n            What we offer        <\/span>\n        <span class=\"sub-head\">\n                    <\/span>\n\n        <\/h1>\n    <\/div>\n    <!-- \/module fancy heading -->\n\t<div  class=\"themify_builder_sub_row module_subrow clearfix sub_row_4-0-1 tb_pb53540\">\n\t    \t    <div class=\"subrow_inner col_align_top\" >\n\t\t\t<div  class=\"sub_column module_column col3-1 first sub_column_post_116 sub_column_4-0-1-0 tb_l3mq540\"> \n\t    \t    \t        <div class=\"tb-column-inner\">\n\t\t        <!-- module feature -->\n   <div  class=\"module module-feature tb_8i74541 with-chart layout-icon-top size-medium  \">\n        <style type=\"text\/css\"><\/style>\n        \n        <div class=\"module-feature-image\">\n            \n            \n                <div class=\"module-feature-chart-html5\"\n                                         data-progress=\"0\"\n                         data-progress-end=\"100\"\n                         data-size=\"150\"\n                                          >\n                    <div class=\"chart-html5-circle\">\n                                                    <div class=\"chart-html5-mask chart-html5-full\">\n                                <div class=\"chart-html5-fill\"><\/div>\n                            <\/div>\n                            <div class=\"chart-html5-mask chart-html5-half\">\n                                <div class=\"chart-html5-fill\"><\/div>\n                            <\/div>\n                                                <div class=\"chart-html5-inset chart-html5-inset-icon\">\n\n                                                                                            <i class=\"module-feature-icon fas fa-laptop-medical\" style=\"color: #ffffff\"><\/i>                            \n                        <\/div>\n                    <\/div>\n                <\/div>\n\n                        <\/div>\n\n        <div class=\"module-feature-content\">\n\t\t\t                                        <h3 class=\"module-feature-title\">\n                                                                                            MEDICAL EQUIPMENT                                                                                    <\/h3>\n                                \t    <div class=\"tb_text_wrap\">\n\t\t\t    <\/div>\n\t<\/div>\n\n    <\/div>\n    <!-- \/module feature -->\n\t        <\/div>\n\t    \t<\/div>\n\t\t<div  class=\"sub_column module_column col3-1 middle sub_column_post_116 sub_column_4-0-1-1 tb_vbbu541\"> \n\t    \t    \t        <div class=\"tb-column-inner\">\n\t\t        <!-- module feature -->\n   <div  class=\"module module-feature tb_slam541 with-chart layout-icon-top size-medium  \">\n        <style type=\"text\/css\"><\/style>\n        \n        <div class=\"module-feature-image\">\n            \n            \n                <div class=\"module-feature-chart-html5\"\n                                         data-progress=\"0\"\n                         data-progress-end=\"100\"\n                         data-size=\"150\"\n                                          >\n                    <div class=\"chart-html5-circle\">\n                                                    <div class=\"chart-html5-mask chart-html5-full\">\n                                <div class=\"chart-html5-fill\"><\/div>\n                            <\/div>\n                            <div class=\"chart-html5-mask chart-html5-half\">\n                                <div class=\"chart-html5-fill\"><\/div>\n                            <\/div>\n                                                <div class=\"chart-html5-inset chart-html5-inset-icon\">\n\n                                                                                            <i class=\"module-feature-icon ti-server\" style=\"color: #ffffff\"><\/i>                            \n                        <\/div>\n                    <\/div>\n                <\/div>\n\n                        <\/div>\n\n        <div class=\"module-feature-content\">\n\t\t\t                                        <h3 class=\"module-feature-title\">\n                                                                                            MEDICAL PROJECTS                                                                                    <\/h3>\n                                \t    <div class=\"tb_text_wrap\">\n\t\t\t    <\/div>\n\t<\/div>\n\n    <\/div>\n    <!-- \/module feature -->\n\t        <\/div>\n\t    \t<\/div>\n\t\t<div  class=\"sub_column module_column col3-1 last sub_column_post_116 sub_column_4-0-1-2 tb_a0i7541\"> \n\t    \t    \t        <div class=\"tb-column-inner\">\n\t\t        <!-- module feature -->\n   <div  class=\"module module-feature tb_giw0542 with-chart layout-icon-top size-medium  \">\n        <style type=\"text\/css\"><\/style>\n        \n        <div class=\"module-feature-image\">\n            \n            \n                <div class=\"module-feature-chart-html5\"\n                                         data-progress=\"0\"\n                         data-progress-end=\"100\"\n                         data-size=\"150\"\n                                          >\n                    <div class=\"chart-html5-circle\">\n                                                    <div class=\"chart-html5-mask chart-html5-full\">\n                                <div class=\"chart-html5-fill\"><\/div>\n                            <\/div>\n                            <div class=\"chart-html5-mask chart-html5-half\">\n                                <div class=\"chart-html5-fill\"><\/div>\n                            <\/div>\n                                                <div class=\"chart-html5-inset chart-html5-inset-icon\">\n\n                                                                                            <i class=\"module-feature-icon fas fa-handshake\" style=\"color: #ffffff\"><\/i>                            \n                        <\/div>\n                    <\/div>\n                <\/div>\n\n                        <\/div>\n\n        <div class=\"module-feature-content\">\n\t\t\t                                        <h3 class=\"module-feature-title\">\n                                                                                            POST-PURCHASE SUPPORT                                                                                    <\/h3>\n                                \t    <div class=\"tb_text_wrap\">\n\t\t\t    <\/div>\n\t<\/div>\n\n    <\/div>\n    <!-- \/module feature -->\n\t        <\/div>\n\t    \t<\/div>\n\t\t    <\/div>\n\t<\/div><!-- \/themify_builder_sub_row -->\n\t\t        <\/div>\n\t    \t<\/div>\n\t\t    <\/div>\n\t    <!-- \/row_inner -->\n\t<\/div>\n\t<!-- \/module_row -->\n\t\t<!-- module_row -->\n\t<div   class=\"themify_builder_row module_row clearfix repeat module_row_5 themify_builder_116_row module_row_116-5 tb_uoha537\">\n\t    \t    <div class=\"row_inner col_align_middle gutter-none\"   data-basecol=\"6\" data-col_mobile=\"column-full\">\n\t\t\t<div  class=\"module_column tb-column col6-1 first tb_116_column module_column_0 module_column_116-5-0 tb_zhrb538\" >\n\t    \t    \t        <div class=\"tb-column-inner\">\n\t\t        <!-- module image -->\n    <div  class=\"module module-image tb_ltz2539  image-top  \">\n\t                <div class=\"image-wrap\">\n                            <img loading=\"lazy\" width=\"160\" height=\"42\" src=\"https:\/\/seltronic.ro\/medical\/wp-content\/uploads\/2019\/12\/logo_en160.png\" class=\" wp-post-image wp-image-167\" alt=\"logo_en160\" \/>            \n                        <\/div>\n            <!-- \/image-wrap -->\n        \n        \n        <\/div>\n    <!-- \/module image -->\n\t        <\/div>\n\t    \t<\/div>\n\t\t<div  class=\"module_column tb-column col6-1 second tb_116_column module_column_1 module_column_116-5-1 tb_cbry539\" >\n\t    \t    \t        <div class=\"tb-column-inner\">\n\t\t        <!-- module image -->\n    <div  class=\"module module-image tb_72mt539  image-center  \">\n\t                <div class=\"image-wrap\">\n                            <img src=\"https:\/\/liftera.ro\/wp-content\/uploads\/2019\/10\/liftera_logo.png\" alt=\"About Seltronic Medical\" \/>            \n                        <\/div>\n            <!-- \/image-wrap -->\n        \n        \n        <\/div>\n    <!-- \/module image -->\n\t        <\/div>\n\t    \t<\/div>\n\t\t<div  class=\"module_column tb-column col6-1 third tb_116_column module_column_2 module_column_116-5-2 tb_unak540\" style=\"width: 20.666%\" >\n\t    \t    \t        <div class=\"tb-column-inner\">\n\t\t        <!-- module image -->\n    <div  class=\"module module-image tb_lavr540  image-center  \">\n\t                <div class=\"image-wrap\">\n                            <img src=\"https:\/\/liftera.ro\/wp-content\/uploads\/2019\/10\/futera_logo.png\" alt=\"About Seltronic Medical\" \/>            \n                        <\/div>\n            <!-- \/image-wrap -->\n        \n        \n        <\/div>\n    <!-- \/module image -->\n\t        <\/div>\n\t    \t<\/div>\n\t\t<div  class=\"module_column tb-column col6-1 fourth tb_116_column module_column_3 module_column_116-5-3 tb_xze8541\" style=\"width: 19%\">\n\t    \t    \t        <div class=\"tb-column-inner\">\n\t\t        <!-- module image -->\n    <div  class=\"module module-image tb_lwpu541  image-center  \">\n\t                <div class=\"image-wrap\">\n                            <img src=\"https:\/\/liftera.ro\/wp-content\/uploads\/2019\/10\/inbalance_logo.png\" alt=\"About Seltronic Medical\" \/>            \n                        <\/div>\n            <!-- \/image-wrap -->\n        \n        \n        <\/div>\n    <!-- \/module image -->\n\t        <\/div>\n\t    \t<\/div>\n\t\t<div  class=\"module_column tb-column col6-1 fifth tb_116_column module_column_4 module_column_116-5-4 tb_i86r542\" style=\"width: 20.002%\" >\n\t    \t    \t        <div class=\"tb-column-inner\">\n\t\t        <!-- module image -->\n    <div  class=\"module module-image tb_5yav542  image-top  \">\n\t                <div class=\"image-wrap\">\n                            <img src=\"https:\/\/seltronic.ro\/medical\/wp-content\/uploads\/2019\/12\/saver-one-pic-250x66.jpg\" width=\"250\" class=\" wp-post-image wp-image-168\" alt=\"saver-one-pic\" srcset=\"https:\/\/seltronic.ro\/medical\/wp-content\/uploads\/2019\/12\/saver-one-pic-250x66.jpg 250w, https:\/\/seltronic.ro\/medical\/wp-content\/uploads\/2019\/12\/saver-one-pic-300x80.jpg 300w, https:\/\/seltronic.ro\/medical\/wp-content\/uploads\/2019\/12\/saver-one-pic.jpg 514w\" sizes=\"(max-width: 250px) 100vw, 250px\" \/>            \n                        <\/div>\n            <!-- \/image-wrap -->\n        \n        \n        <\/div>\n    <!-- \/module image -->\n\t        <\/div>\n\t    \t<\/div>\n\t\t<div  class=\"module_column tb-column col6-1 last tb_116_column module_column_5 module_column_116-5-5 tb_w79d543\" style=\"width: 7%\">\n\t    \t    \t<\/div>\n\t\t    <\/div>\n\t    <!-- \/row_inner -->\n\t<\/div>\n\t<!-- \/module_row -->\n\t<\/div>\n","protected":false},"excerpt":{"rendered":"<p>Seltronic Medical Advertising Our long industry experience and our deep knowledge of medical healthcare markets make us your preferred partner when it comes to purchasing promotional products. Our services will support you throughout the entire purchasing process. Find More Despre noi Compania\u00a0SELTRONIC S.R.L., infiintata cu mai bine de 25 de ani in urma, \u00a0activeaz\u0103 in [&hellip;]<\/p>\n","protected":false},"author":1,"featured_media":0,"parent":0,"menu_order":0,"comment_status":"closed","ping_status":"closed","template":"","meta":[],"builder_content":"<h1>Seltronic Medical Advertising<br\/><\/h1>\n<p>Our long industry experience and our deep knowledge of medical healthcare markets make us your preferred partner when it comes to purchasing promotional products. Our services will support you throughout the entire purchasing process.<\/p>\n<a href=\"https:\/\/seltronic.ro\/advertising\" > Find More <\/a>\n<h1>Despre noi<br\/><\/h1>\n<p>Compania\u00a0<strong>SELTRONIC S.R.L.<\/strong>, infiintata cu mai bine de 25 de ani in urma, \u00a0activeaz\u0103 in domenii precum sanatatea sau comertul online, ca importator direct al diferitelor materiale sau solutii promotionale, fiind de asemenea integrator al unor servicii si proiecte diverse, realizate in domeniile prezentate dar si in altele adiacente!<\/p> <p>Ne adres\u0103m in mod prioritar companiilor cu profil medical \u0219i farmaceutic din Romania, venind \u00een special cu rezolv\u0103ri dedicate acestui segment, dar avem propuneri si solu\u021bii si pentru companii cu profil diferit de cele mentionate anterior.<\/p> <p><strong>Medical Solutions, right to the point!<\/strong><\/p>\n<img loading=\"lazy\" width=\"1262\" height=\"793\" src=\"https:\/\/seltronic.ro\/medical\/wp-content\/uploads\/2020\/02\/wiwe-bg-7.jpg\" alt=\"wiwe-bg-7\" srcset=\"https:\/\/seltronic.ro\/medical\/wp-content\/uploads\/2020\/02\/wiwe-bg-7.jpg 1262w, https:\/\/seltronic.ro\/medical\/wp-content\/uploads\/2020\/02\/wiwe-bg-7-300x189.jpg 300w, https:\/\/seltronic.ro\/medical\/wp-content\/uploads\/2020\/02\/wiwe-bg-7-1024x643.jpg 1024w, https:\/\/seltronic.ro\/medical\/wp-content\/uploads\/2020\/02\/wiwe-bg-7-768x483.jpg 768w\" sizes=\"(max-width: 1262px) 100vw, 1262px\" \/>\n<p>Compania <strong>SELTRONIC<\/strong>\u00a0are o experien\u021b\u0103 de mai bine de 10 ani \u00een domeniul publicit\u0103\u021bii, respectiv publicitate<strong>\u00a0BTL<\/strong>\u00a0\u0219i\u00a0<strong>ATL,<\/strong> \u0219i este membru <strong>APIIP<\/strong>, organiza\u021bie na\u021bional\u0103 de profil ce cuprinde de asemenea producatori, importatori \u0219i distributori de obiecte promo\u021bionale din Romania. Apartenen\u021ba la aceste organiza\u021bii de profil ne asigura accesul foarte bun si rapid la intreaga baz\u0103 de furnizori at\u00e2t interni, c\u00e2t mai ales externi, colabor\u00e2nd pan\u0103 in prezent cu peste 150 de furnizori, cu mare parte dintre ei derul\u00e2nd deja leg\u0103turi comerciale sau parteneriale.<\/p>\n<p>Serviciile de crea\u021bie grafic\u0103 ale companiei noastre cuprind toate domeniile, dar ne axam in principal pe crea\u021bia grafic\u0103 pentru print (flyere, leaflet, volante, bro\u0219uri, mape de prezentare, cataloage etc.).\u00a0Deoarece calitatea este foarte important\u0103 pentru noi, pe lang\u0103 servicul de crea\u021bie grafica asigur\u0103m de asemenea preg\u0103tirea pentru tipar\/productie \u0219i urm\u0103rim lucrarile executate p\u00e2n\u0103 la finalizare. Pentru o calitate maxim\u0103 este de preferat ca produc\u021bia s\u0103 se faca cu produc\u0103torii recomanda\u021bi de c\u0103tre noi.<\/p>\n<h1>What we offer<br\/><\/h1>\n<h3> MEDICAL EQUIPMENT <\/h3>\n<h3> MEDICAL PROJECTS <\/h3>\n<h3> POST-PURCHASE SUPPORT <\/h3>\n<img loading=\"lazy\" width=\"160\" height=\"42\" src=\"https:\/\/seltronic.ro\/medical\/wp-content\/uploads\/2019\/12\/logo_en160.png\" alt=\"logo_en160\" \/>\n<img src=\"https:\/\/liftera.ro\/wp-content\/uploads\/2019\/10\/liftera_logo.png\" alt=\"About Seltronic Medical\" \/>\n<img src=\"https:\/\/liftera.ro\/wp-content\/uploads\/2019\/10\/futera_logo.png\" alt=\"About Seltronic Medical\" \/>\n<img src=\"https:\/\/liftera.ro\/wp-content\/uploads\/2019\/10\/inbalance_logo.png\" alt=\"About Seltronic Medical\" \/>\n<img src=\"https:\/\/seltronic.ro\/medical\/wp-content\/uploads\/2019\/12\/saver-one-pic-250x66.jpg\" width=\"250\" alt=\"saver-one-pic\" srcset=\"https:\/\/seltronic.ro\/medical\/wp-content\/uploads\/2019\/12\/saver-one-pic-250x66.jpg 250w, https:\/\/seltronic.ro\/medical\/wp-content\/uploads\/2019\/12\/saver-one-pic-300x80.jpg 300w, https:\/\/seltronic.ro\/medical\/wp-content\/uploads\/2019\/12\/saver-one-pic.jpg 514w\" sizes=\"(max-width: 250px) 100vw, 250px\" \/>","_links":{"self":[{"href":"https:\/\/seltronic.ro\/medical\/wp-json\/wp\/v2\/pages\/116"}],"collection":[{"href":"https:\/\/seltronic.ro\/medical\/wp-json\/wp\/v2\/pages"}],"about":[{"href":"https:\/\/seltronic.ro\/medical\/wp-json\/wp\/v2\/types\/page"}],"author":[{"embeddable":true,"href":"https:\/\/seltronic.ro\/medical\/wp-json\/wp\/v2\/users\/1"}],"replies":[{"embeddable":true,"href":"https:\/\/seltronic.ro\/medical\/wp-json\/wp\/v2\/comments?post=116"}],"version-history":[{"count":48,"href":"https:\/\/seltronic.ro\/medical\/wp-json\/wp\/v2\/pages\/116\/revisions"}],"predecessor-version":[{"id":474,"href":"https:\/\/seltronic.ro\/medical\/wp-json\/wp\/v2\/pages\/116\/revisions\/474"}],"wp:attachment":[{"href":"https:\/\/seltronic.ro\/medical\/wp-json\/wp\/v2\/media?parent=116"}],"curies":[{"name":"wp","href":"https:\/\/api.w.org\/{rel}","templated":true}]}}